-t**6/120 + t**5/6 - 5*t**4/12 + t**3/2 + 2*t**2 + 317*t + 7. Determine k(z).
-6
Suppose -2 = -2*v - 0. Let i(d) = -4 - d + 6 + v. Let k(q) = -354*q - 3536. Let g be k(-10). What is i(g)?
-1
Let k(s) = -45*s - 137. Let p be k(-3). Let z(x) = -2*x**2 + x - 6. What is z(p)?
-16
Suppose 5*b - 9 = 1. Let l(d) = -b + 8*d - 2 - 11*d. Suppose -24*g + 22*g - 8 = 0. Give l(g).
8
Let i(q) be the third derivative of q**7/560 - q**6/720 + 27*q**5/10 + q**4/12 - 86*q**2 + 3. Let o(r) be the third derivative of i(r). Calculate o(3).
26
Suppose 2*n + 4*i = -10, -2*n + 5*i - 9 = -35. Suppose -7*h - 25 = n. Let a(y) = y**3 + 4*y**2 - 3*y - 8. Calculate a(h).
4
Let i(u) = -u**2 - 5*u - 4. Let s be i(-3). Let d(g) = -1 + 13 - 6 - 9 + g + g**s. Give d(-4).
9
Let j = 4 - 3. Let m(u) = 2*u**3 - u**2 - 3*u - 3. Let b(x) = x**2 + 5*x**3 - 10*x - 11 - 4*x**2 - x**2 + x**2. Let d(y) = 2*b(y) - 7*m(y). Calculate d(j).
-3
Let c(g) = 56*g - 97. Let i(x) = -62*x + 99. Let r(f) = -10*c(f) - 9*i(f). Determine r(42).
-5
Let u be 7/1 - 678/(-113). Suppose -2*n - n = -51. Let g(q) = -q + n - u - 5. Calculate g(0).
-1
Let s(m) = 3*m**2 - 31 - 2*m - 56 - 6*m + 11 - 2*m. Give s(-6).
92
Suppose 3*p + 2*p + q = 210, -2*p - 4*q + 84 = 0. Let w be p/10 - 3/15. Suppose -m = 2*d + 18, d - 1 = -w. Let n(h) = h + 13. Calculate n(m).
1
Let y = -4436 - -4438. Let a(p) be the third derivative of 0*p - 12*p**y - 1/3*p**3 + 1/24*p**4 + 0. Determine a(1).
-1
Let t(j) = -j**2 - 9*j + 5. Let x be (-9)/(-6) - (-5)/10. Let g be x*((-156)/(-15) - 4/10). Suppose -g = 7*r - 5*r. Determine t(r).
-5
Suppose 46*c - 50 = 134. Let n(d) = 4*d - 9 + 2*d - 5*d. Give n(c).
-5
Suppose 14 - 19 = -g - s, -4*s + 2 = -5*g. Let o(d) = -7 + 4*d**2 - 4*d + d**3 + 11 + 6*d + g*d. Let r = -8 - -5. Give o(r).
1
Let d(q) = q**2 + 5*q + 140. Let c be d(-14). Let p = -266 + c. Let h(v) be the third derivative of -v**5/60 - v**4/24 + 4*v**3/3 + 5*v**2. Give h(p).
8
Suppose -3 - 12 = 5*p. Let q(n) = -79*n - 21. Let o(c) = -15*c - 4. Let i(j) = 21*o(j) - 4*q(j). Give i(p).
-3
Let s(u) = u**2 - 5*u - 7. Suppose 71*k - 11*k + 26*k - 688 = 0. Calculate s(k).
17
Let s(w) = 17*w**3 - 3*w**2 + w - 52. Let z(c) = 3*c**3 - c**2 - 10. Let j(v) = -2*s(v) + 11*z(v). Calculate j(-5).
4
Let i(z) be the first derivative of z**4/4 - 7*z**3/3 - z**2/2 + 2*z - 11011. Suppose 4*w + 0*w = 28. Calculate i(w).
-5
Let p be 6/30 + (-122)/10. Let k(s) = -3*s - 20 + 3*s + s**3 - 5*s - 12*s**2 - 9*s + 23*s**2. Let d be k(p). Let a(f) = -f. Give a(d).
-4
Suppose 15 = -3*k - 13*h + 8*h, -k + 4*h + 12 = 0. Let d(s) be the second derivative of k - 3/2*s**2 - s + 1/6*s**3. What is d(-6)?
-9
Let r(z) be the third derivative of z**6/20 - z**4/12 + z**3/6 + 1326*z**2 + 1. Let c(t) = -t**2 + 3*t + 1. Let s be c(2). Let o = s - 2. What is r(o)?
5
Let y(l) = l**3 + l**2 + 2*l + 1. Suppose -11 = t - 3*b - 2*b, 0 = -t - b - 5. Let q = t - -8. Suppose -15 = -5*w - q*p - 3*p, w + 17 = 4*p. What is y(w)?
-1
Let u(j) = -j**2 + 3*j**2 - 20*j + j + 6. Let y(h) = -h**2 + 9*h - 3. Let k(r) = -4*u(r) - 9*y(r). Let w = -1101232 - -1101237. Determine k(w).
3
Suppose c + 6*c = 4*c + 15. Let t(m) = -6*m**2 + 9*m - 13. What is t(c)?
-118
Let y(j) = 7*j**2 + 2*j + 4. Let r(k) = -15*k**2 - 4*k - 8. Let u(i) = 6*r(i) + 13*y(i). Let l be u(-4). Let z(s) = 7*s - l*s - 15*s**2 + 4*s. Determine z(-1).
-14
Let k = -6504 + 6500. Let y(q) = -q**3 - 2*q**2 + 5*q + 16. Calculate y(k).
28
Let k(z) = -z**3 - 33*z**2 - 61*z + 27. Let j(o) = -113*o - 3308. Let h be j(-29). What is k(h)?
-4
Suppose -4*h + 4*t = -6 - 6, 2*h - 3*t - 7 = 0. Let v(n) = 15*n**3 - 3 - 4*n**h - 14*n**3 + 9*n**2 + 0. Give v(-5).
-3
Let f be ((-2)/(-6))/(23/(-2001)). Let m = 26 + f. Let s(x) be the third derivative of 5*x**4/24 + x**3/3 - 3*x**2 + x. What is s(m)?
-13
Let r(n) be the second derivative of n**5/20 - 13*n**4/12 + 41*n**3/6 - 11*n**2/2 - 1596*n - 1. Calculate r(8).
-3
Let r(j) = -6*j**2 + j + 7. Let l(x) = 3*x**3 - 36*x**2 - 9*x + 106. Let w be l(12). Give r(w).
-19
Let g(j) = j**3 + 1518 - 765 - 3*j - 749. Give g(-3).
-14
Suppose -19 + 113 = 94*o. Let u(x) = -93*x + 25. Determine u(o).
-68
Suppose -32 - 40 = -6*c. Suppose -5*f = y - 3, 3*f + 4*y - c = -f. Let x(u) = 0 + u**2 + 1 + 0*u**2 + f - 8*u. Determine x(7).
-6
Let i(r) = -r**3 - 13*r**2 - 13*r - 9. Suppose -18*y - 1665 = -3*y. Let d = y - -99. What is i(d)?
3
Let o(t) = 3*t**2 - 63*t - 62. Let s be o(22). Suppose -b - 2 = 0, y - s*b + 4 = 10. Let c(u) = u**3 + u**2 + 3*u + 5. Calculate c(y).
-5
Let b(m) be the second derivative of -m**5/20 + 11*m**4/6 - 41*m**3/6 + 10*m**2 + m - 496. Give b(20).
0
Let q = -104 - -130. Let a(y) = 24*y + q*y - 2 + 3 - 53*y. What is a(5)?
-14
Let b(m) be the second derivative of -m**4/12 - m**3/3 - m**2 + 389*m - 2. Determine b(-5).
-17
Let a(o) = -o**3 - 23*o**2 + o + 29. Let g be (-5 + (-30)/(-12))*92/10. What is a(g)?
6
Let z(a) = 933 + 835 - 6*a - 1737 - 2*a**2. What is z(-7)?
-25
Let u(m) be the third derivative of -1/12*m**4 + 0*m + 25 + 1/6*m**3 - m**2. Let k = 4 - 3. What is u(k)?
-1
Suppose 5731 = -19*y + 5883. Let l(p) = 5*p - 23. Determine l(y).
17
Suppose 4*u + v + 7 = 0, 3*v = -5*u - 2*v - 20. Let f(r) = -r. Let j(o) = -4*o + 7. Let g(i) = u*j(i) + 6*f(i). Determine g(-6).
5
Let z(p) = -p**3 + p**2 + p + 4. Let b(n) = -n**3 + 11*n**2 - 29*n - 8. Let y be b(7). Let q be (-4)/((-36)/y)*252/(-140). Give z(q).
-11
Let r(b) = b**2 - 5*b - 8. Let j be r(7). Let n(v) = -34*v + 29*v + j*v + 16. Give n(-13).
3
Suppose 2*g - 55 = -5*i, -5*i - 207 = -4*g - 82. Let n(z) = 4*z + 17 - 44 - 8*z + g. Determine n(-5).
23
Let k = -22155 - -22158. Let r(v) be the first derivative of 1/3*v**k + 33 + v**2 - 2*v. Give r(-5).
13
Let x(z) = -3*z**2 - z + 1. Suppose 86 = 5*i + 1. Let u = -19 + i. Let o be (u - -2) + (3 - 5). Calculate x(o).
-9
Let l(s) = 2*s - 96 + 8*s - 43*s + 8*s + 22*s. Determine l(-35).
9
Let h(b) be the second derivative of -b**4/6 - b**3/6 + 7*b**2 - 1913*b. Determine h(3).
-7
Let c(n) = -33*n**2 + 3. Let m(y) = 10*y**2 - 1. Let j(f) = 8*c(f) + 27*m(f). Calculate j(-1).
3
Let z(k) = -77*k**3 - 54*k**2 + 58*k - 63. Let q(u) = 115*u**3 + 53*u**2 - 59*u + 63. Let m(h) = 2*q(h) + 3*z(h). Calculate m(-57).
-6
Let q(l) be the second derivative of l**5/20 - 7*l**4/12 - l**3/2 - 35*l**2/2 + 4113*l + 1. What is q(8)?
5
Let c(f) = -f**2 - 7*f + 10. Let b be c(-8). Suppose -196*d = -194*d - 4. Let a(j) = 3*j - 3*j**b - 53 + j**3 + 47 - d*j**2. Determine a(4).
-10
Let p(w) = -2*w**3 + 1712 - 1650 - 57*w**2 - 2*w + 33*w - w. Give p(-29).
33
Let s(r) = -7*r**3 + 105*r**2 - 110*r + 144. Let y(o) = 4*o**3 - 52*o**2 + 55*o - 74. Let t(z) = -3*s(z) - 5*y(z). What is t(54)?
-8
Let g be 594/99*((-3)/9)/((-2)/6). Let h(b) = b**2 - 17*b + 13. Determine h(g).
-53
Let l(s) = s - 18. Suppose 59 + 2437 = 96*c. Calculate l(c).
8
Let o(u) = 7*u**2 + 7*u - 4. Let f(c) = 22*c**2 + 16*c - 14. Let g(y) = 3*f(y) - 10*o(y). Determine g(-6).
-14
Let l(x) = -x**2 + 10*x + 4. Let p be l(4). Let n be 2/((p/(-20))/(-7)). Suppose 2*t - 2 + n = -3*i, 2*t = 2*i + 2. Let w(z) = -z**3 - 3*z**2 - 2. Give w(i).
-6
Let o(x) = -x**2 + 14*x - 38. Suppose -242 = -40*a + 238. Give o(a).
-14
Let v(j) = 3*j**3 - 9*j**2 + 14*j - 6. Let s(m) = m**3 + 2*m. Let t(g) = 2*s(g) - v(g). What is t(8)?
-10
Let h(z) = -2*z**2 + 25 - 2*z**2 + 8*z - 12 + 3*z**2 - 8. Determine h(-2).
-15
Let g be (5 - 6)*6*11. Let h be (g/55)/(12/80). Let t(q) = q**3 + 9*q**2 + 5*q - 10. Give t(h).
14
Suppose 25 = 6*u - u, u + 31 = -4*k. Let y(o) be the second derivative of o**3/6 + 13*o**2/2 - 375*o. Calculate y(k).
4
Let n(q) = q**3 + 7*q**2 + 7*q. Let g be n(-6). Let c be (-139)/8 - 6/(-16). Let r(w) = 7*w - 1. Let b(u) = -20*u + 1. Let m(j) = c*r(j) - 6*b(j). What is m(g)?
5
Let a(k) = -k**3 - 18*k**2 + 64*k + 26. Let o be 52/8 - (-2750)/(-100). What is a(o)?
5
Let g = -141 + 169. Let m be (32/g)/(((-6)/(-21))/1). Let r(u) = -u**2 + 2*u + 2. Calculate r(m).
-6
Let q(r) be the third derivative of -r**5/60 + 3*r**4/8 + 13*r**3/6 + 2*r**2. Let b = 1245 + -1235. What is q(b)?
3
Suppose 67 = 5*q + 2. Suppose -q*b = -4*b + 63. Let a(l) be the first derivative of l**3/3 + 9*l**2/2 - 4*l - 1. Determine a(b).
-18
Let m be 18/7*(-16)/(128/(-28)). Suppose -2*p + 4*h - 5 = m, 4*p + 37 = 5*h. Le